- v. Is m composite?
False
Let h = -181 + 306. Let w = h - -47. Suppose d = 5*d - w. Is d a composite number?
False
Suppose -2*s = -5*q + q - 30, -3*s - 2*q = -85. Is s prime?
False
Suppose -7*s + 299 = -100. Is s prime?
False
Suppose 5*n - n = 5*x + 9, 5*x = -5*n. Let p(j) = -107*j**2 + j. Let q be p(1). Is n*2/(-4)*q prime?
True
Suppose -p + 4 + 9 = 0. Is p a composite number?
False
Let i(u) = -10*u**2 - u - 2. Let x be i(3). Suppose -2*k = -68 - 256. Let p = x + k. Is p a prime number?
True
Suppose 0*n + 2*n + 5*i = 63, -51 = -2*n - i. Suppose 60 = 4*b - n. Is b composite?
True
Let h(t) = t**3 - 2*t**2 - 2*t - 3. Let p be h(3). Suppose p = -3*x + 1363 - 106. Is x composite?
False
Let k = -4 - -14. Is k composite?
True
Suppose -4*d + 5*d = 0. Suppose 141 = 3*v - d*v. Is v prime?
True
Let s(h) = -117*h + 1. Is s(-6) a composite number?
True
Let c(l) = 2*l + 7. Let m be c(-6). Let b(i) be the third derivative of i**5/30 + 5*i**4/24 - i**3 + 3*i**2. Is b(m) a composite number?
False
Let f(v) = 4*v**3 - 2*v**2 + v - 1. Let k be 4*2/(24/9). Let s be f(k). Suppose h = 5*h - s. Is h a composite number?
False
Let k = 15 - 11. Suppose 5*l = k*u + 274, -4*l - 2*u = -l - 182. Is l prime?
False
Let x = 22 + 98. Let b = x - 81. Is b composite?
True
Let q = -13 - -7. Let b be (q/9)/((-2)/9). Let g = 0 + b. Is g a composite number?
False
Let q = 270 - 185. Is q composite?
True
Let r = -1 + 3. Suppose 5*k = r*k + 1119. Is k a composite number?
False
Let w(n) = n**2 - 3*n - 26. Is w(19) composite?
True
Let n = -295 + 1166. Is n a prime number?
False
Suppose -4*m + 12 = 2*y, m = -2*y - 0*m + 21. Let a be 1*y/(3 - 2). Suppose a = 3*d, 5*d + 4 = 5*i - 46. Is i composite?
True
Suppose -c - 5*n + 178 = 0, n = -0*n + 3. Is c composite?
False
Suppose -5*a = -2*b - 345, 2*a + 0*a = 3*b + 545. Let m = b + 318. Is m a composite number?
True
Let l(m) = 7*m**2 + 11*m - 20. Is l(13) a composite number?
True
Let y(w) be the third derivative of -7*w**4/8 - 11*w**3/6 + 3*w**2. Is y(-8) a composite number?
False
Is (1052/10)/((-28)/(-70)) composite?
False
Let i(q) = -q**3 - 3*q**2 - 2*q - 1. Let u be i(-2). Let o be (7 - 3/3) + 1. Is (o/21)/(u/(-255)) prime?
False
Let l = 263 - 57. Is l prime?
False
Let r = -9 - -27. Suppose t - r = 1. Is t a composite number?
False
Suppose -5*u + 2*u = q - 45, 4*q + u - 224 = 0. Suppose 12*p = 13*p - q. Is p a prime number?
False
Let h = -745 + 1124. Is h composite?
False
Suppose 0 = -j - 1, 10*j + 5 = -2*n + 5*j. Suppose 0*l - 2*l = n. Suppose -2*b = 5*p - 447, b + l*p - 206 = p. Is b a composite number?
False
Suppose 1427 = 3*m - 1702. Is m a prime number?
False
Let w(j) = j**2 - j. Let o be w(3). Let a = 1 + o. Suppose z - 131 = -2*q, -a*z + 629 = -2*z - 3*q. Is z a prime number?
True
Suppose 0 = 5*z - 2*q + 3*q - 6802, 0 = -3*z - 4*q + 4071. Is z a composite number?
False
Let a = 1229 - 688. Is a a prime number?
True
Let y = 9 - 5. Suppose c + y*t = 227, 2*t + 948 = 4*c - 2*t. Is c prime?
False
Let h be 8*(-3)/(-6) + -2. Let f be h/(-3) + (-98)/(-21). Suppose 25 = -3*i + f*i. Is i prime?
False
Let j(r) = -12 - 12 - 7*r + 5. Is j(-16) a prime number?
False
Let l(w) = 3*w**3 - 8*w**2 + 12*w + 10. Is l(9) prime?
True
Let l = 150 + 319. Is l prime?
False
Let o(r) = r**3 + r + 7*r**2 - 7 + 2*r + r. Let d be o(-6). Suppose 59 = 2*q - 2*s - 19, -d*s + 78 = 2*q. Is q a composite number?
True
Let z(h) = 3*h - 1 - 1 + h**3 - 4*h + 3*h**2. Let b be 1/(-5) + (-32)/(-10). Is z(b) a prime number?
False
Let p(d) = 5*d**3 + 3*d**2 + 10*d - 7. Is p(4) a prime number?
True
Suppose 0 = -2*i + i + 157. Is i a composite number?
False
Let h(n) = -55*n**3 + 7*n**2 + 2*n - 5. Let c(m) = 4*m - 3*m**2 + 7*m**3 + 3*m**3 - 5*m + 18*m**3 + 2. Let l(b) = -7*c(b) - 3*h(b). Is l(-1) composite?
False
Suppose -69 - 30 = -9*s. Is s composite?
False
Let a(c) = c**3 - c**2 + c + 7. Let o be a(0). Let z(m) = -m**3 + 8*m**2 - 6*m - 4. Is z(o) prime?
True
Let l be -2*(282/4 + -2). Let b = l - -228. Is b composite?
True
Let o = -341 + 232. Suppose -77 = -2*g - 0*g - s, 0 = 4*g + 3*s - 159. Let z = g - o. Is z a composite number?
True
Let b(a) = a**2 + 7*a + 4. Let x be b(6). Suppose 60 = 2*n - x. Is n a prime number?
True
Suppose 25 = -5*u + 2*u + 4*s, 8 = 2*s. Let m = u + 2. Is 112 + -2 - (m + -2) a prime number?
True
Suppose 2*z - 5 = 3*z. Let y be (-3)/(-15) - 14/z. Suppose 0 = -0*a - y*a + 63. Is a prime?
False
Let r be (6/(-1))/3 - -138. Suppose -y = 3*y - r. Is y composite?
True
Let m(o) = -o**3 + 2*o**2 - 6*o + 1. Let q be m(-5). Let x = -132 + q. Is x a prime number?
False
Let g be 3/(-12) + 41/4. Suppose 3*u + 2*u = 0. Let i = g - u. Is i a prime number?
False
Suppose -5*o - 5884 = -4*d, -3*o = -5*d + 1126 + 6229. Is d prime?
True
Let y be 2/4 - 682/(-4). Let m = -85 - -29. Let t = m + y. Is t a composite number?
True
Suppose 0*h = -4*h - 12. Let l(r) = -4*r**3 - 2*r**2 - 2*r + 2. Let z(i) = -7*i**3 - 4*i**2 - 4*i + 3. Let q(x) = -5*l(x) + 3*z(x). Is q(h) a composite number?
True
Suppose 4*d + 5*n = -37, -3*n - 10 = -n. Let c = 29 - 15. Let y = c + d. Is y a composite number?
False
Let q(t) = -2*t - 5. Let g be q(-4). Suppose -7 = x + d - 6*d, -g*x = 5*d - 19. Is x*1/3*65 a prime number?
False
Let c be ((-1)/3)/((-2)/12). Let q = -73 + 78. Suppose 0*u = -3*u + q*i + 113, -116 = -4*u - c*i. Is u a prime number?
True
Let z = 311 + -94. Is z a composite number?
True
Suppose -5*f = -5*w - 70, -3*w = -w + 4*f + 4. Let q be 5/w - 10/(-4). Suppose 7*r - 75 = q*r. Is r composite?
True
Let u be (-7)/(-21) + (-1)/3. Suppose 5*z + 4*g - 187 = u, 0 = 2*z + 7*g - 3*g - 82. Is z composite?
True
Suppose -4*y = 187 - 927. Is y composite?
True
Let u(w) be the third derivative of -w**4/8 - w**3/3 - w**2. Let z be -6*1 + -2 + 5. Is u(z) prime?
True
Is (2 - -540) + 1 + -4 + 2 composite?
False
Let w be 1/2*-2*0. Suppose -i - 9 = -14. Suppose w = -i*x - 62 + 507. Is x composite?
False
Let z(y) = -y**2 + 3*y + 4. Let v be z(4). Suppose v*k = -k + 379. Is k composite?
False
Suppose 0*y - 3*y = -6. Let h be (-1 + 2)*1*y. Suppose -2*v - h*v = -236. Is v prime?
True
Let z be 2/8 + (-11)/(-4). Suppose 0 = -z*j - 0*j + 12. Suppose -j*p = -27 - 57. Is p composite?
True
Suppose -l - 7 = 2*t, 3*t + 18 = 2*l - 6*l. Is t/(-4) - (-327)/6 prime?
False
Let h = 19 + -19. Suppose h = 3*o + 4*p - 567 - 856, 5*p - 489 = -o. Is o a composite number?
True
Let u(d) = -32*d + 5. Let a(z) = -z - 1. Let k(f) = 6*a(f) - u(f). Let b be (3/9)/((-1)/(-27)). Is k(b) a composite number?
False
Let j = 2205 + -4033. Let l = j + 2625. Is l prime?
True
Let s be (1 - 0)/((-1)/(-3)). Suppose s*t = 21 + 108. Is t a prime number?
True
Suppose -12 - 3 = -g. Let w = 70 + -27. Suppose 9*d - 4*d = -g, 0 = 4*k + 3*d - w. Is k a composite number?
False
Let b(y) = y**3 + 8*y**2 + 6*y + 9. Let u be b(-8). Let l = u - -230. Is l prime?
True
Is 2291 - (8 + 1 + -5) a composite number?
False
Let i = 161 - 33. Suppose -4*t - i = -0*t. Let j = t + 45. Is j a prime number?
True
Let j = 1 + 3. Let v = j - -1. Suppose 14 = v*r - 16. Is r a prime number?
False
Let i = -9 - -13. Let b = -4 + i. Suppose b = 5*h - 0*h - 265. Is h a composite number?
False
Suppose -5*n + 83 = 8. Let a = -8 + n. Is a prime?
True
Suppose 0 = 4*p + 11*p - 29235. Is p prime?
True
Let n = 6 - 2. Let b(z) = z**3 - 3*z**2 - 2*z - 5. Let g be b(n). Suppose 2*a = -0*x + x - 91, -g*x + 264 = -3*a. Is x a composite number?
True
Suppose 5*v + 26 = -34. Is 2/v + (-892)/(-24) a composite number?
False
Let g(f) = -f**3 - 7*f**2 - 7*f - 5. Let i be g(-8). Suppose i - 1143 = -4*s. Is s prime?
True
Suppose 4*m = -3*x + 2*x - 5, m = -3. Let t = x - -3. Is t composite?
True
Let t(k) = k**3 + 8*k**2 + 6*k - 3. Is t(-6) a composite number?
True
Let m(n) = -511*n**3 - n**2 - n. Is m(-1) composite?
True
Let o(f) = -f**3 + 5*f**2 + 5*f + 4. Let s be o(6). Let p be 1 + 13*s/(-2). Suppose 5*a - 56 = p. Is a a prime number?
False
Let y = -403 + 690. Is y a prime number?
False
Let d(q) be the first derivative of 9*q**4 - 2*q**3/3 + q**2/2 - 1. Let v be d(1). Let h = -21 + v. Is h prime?
False
Suppose -8 = -4*h + 2*h. Suppose 0 = 4*k - h*c - 0*c - 12, -k - 2*c = 0. Suppose 13 = s - 4*g, -5*s - k*g + 2 + 107 = 0. Is s a prime number?
False
Is 2/9 - 763/(-9) a prime number?
False
Let b(d) = 3